 28 - 18. What are the prime factors of r?
2, 5
Let m be ((-10)/(-8) + -1)*0. Suppose p = -m*p + 27. What are the prime factors of p?
3
Let a = -72 - -102. What are the prime factors of 366/10 - (-12)/a?
37
Suppose 5*q = -16 + 176. Suppose -z = 2 + q. List the prime factors of 1/(-3) + z/(-3).
11
List the prime factors of 15 - (10/5)/(-2).
2
Suppose 0 = 3*y - y + 12. Let l be -2 + y/(1 + 1). Let q(w) = w + 11. List the prime factors of q(l).
2, 3
What are the prime factors of (-23)/(1 + 0 - 2)?
23
Let d(c) = -4*c**3 - 4*c. List the prime factors of d(-2).
2, 5
Suppose 7*z - 3*z = 164. List the prime factors of z.
41
Suppose -2*a + 4*f = -18, -5*f - 12 = 3. List the prime factors of ((-2)/a)/((-8)/132).
11
Let q(w) = w**3 + 6*w**2 + 7. Let t be q(-6). Let m = 7 - 3. Suppose -m*a - 11 = -3*x, -5*a - 7 = -t*x + 4*x. List the prime factors of x.
3
List the prime factors of (-5 - (-66)/8)*8/1.
2, 13
Let o(s) = s**3 + 3*s**2 + 11*s - 2. What are the prime factors of o(4)?
2, 7, 11
Suppose -2*w + 89 + 151 = 0. What are the prime factors of w?
2, 3, 5
Let q(b) = b**2 + 11*b - 4. List the prime factors of q(9).
2, 11
Let f = -12 - -47. List the prime factors of f.
5, 7
Suppose -183 = -3*c - 3*n, c + 3*n - 33 = 36. List the prime factors of c.
3, 19
Let j(p) = -p**3 + 8*p**2 - 3*p - 1. Let u be j(6). Suppose -4*x + u = -43. What are the prime factors of x?
2, 3
Let k(l) = -2*l + 3. Suppose 3 = j + 5. What are the prime factors of k(j)?
7
Suppose -n + 4 - 2 = -3*b, -2*b - 3 = n. List the prime factors of 6/2 - (-5 + n).
3
Let w(o) = o**3 + 5*o**2 + 5*o - 2. Let q be w(-4). Let g be q/10 + (-8)/20. Let a = 3 + g. What are the prime factors of a?
2
Suppose 0 = -0*s - 3*s + 1023. Suppose 6*v - s = -65. What are the prime factors of v?
2, 23
Let z be (2 - 1)*1*2. Suppose -2*i = -4*j + 34, 0 = -j + 3*i + 18 - 7. Let g = z + j. List the prime factors of g.
2, 5
Suppose 4*f = -f + 165. What are the prime factors of f?
3, 11
Let m = 6 - -2. Suppose -m*n - 75 = -13*n. List the prime factors of n.
3, 5
Suppose -7*h + 9*h = 24. What are the prime factors of h?
2, 3
Let j be -1 - (0/3)/1. Let c be (-20)/2 + 4/2. What are the prime factors of 2 - (c + j*2)?
2, 3
What are the prime factors of (-27 - 1)*((-45)/5 + 4)?
2, 5, 7
Let p be (-15)/(-6)*2 + -1. Suppose 2*w - 6 = -p*h + 40, 3*w = -2*h + 17. Let l = -3 + h. What are the prime factors of l?
2, 5
Let z(v) = 4*v - 22. Let l be z(16). Suppose 4*h - 6 = 2*w + 110, -2*h + 5*w + l = 0. List the prime factors of h.
31
Suppose g = -2*q + 4, -2*q + 5*q = 3. Let w = -1 + g. Suppose 13 = 4*s + w. What are the prime factors of s?
3
Let r(q) = -q - 6. Let v be r(-5). List the prime factors of 15 - v/((-2)/4).
13
Let q be -3 - (0 - (0 - -1)). Let m = 0 - q. List the prime factors of (2/5)/(m/40).
2
Let p = -22 - -43. List the prime factors of p.
3, 7
Suppose -c - o + 94 = -40, 5*c + 2*o = 682. What are the prime factors of c?
2, 3, 23
List the prime factors of 135/20*-2*10/(-3).
3, 5
Suppose -6 = -3*t - i, 4 = -t + 3*t - i. Suppose 3*u - 3*m - 18 = -m, -2*m + 2 = t*u. List the prime factors of u.
2
Let x = 4 + 2. Let m(h) be the third derivative of h**4/24 + 5*h**3/6 - 2*h**2. List the prime factors of m(x).
11
Let c = -8 + 8. Suppose c*h = 5*h - 70. What are the prime factors of h?
2, 7
Suppose w - 1 - 1 = 0. Suppose -t - w*t + 102 = 0. What are the prime factors of t?
2, 17
Let c = 1 - 0. Let s be 1/(3/9) - c. Suppose s*m - 36 = -m. List the prime factors of m.
2, 3
Let k(h) = -h**3 - 12*h**2 - 10*h + 13. Let m be k(-11). Suppose f + 6*l = l + m, 4*f = 3*l + 31. List the prime factors of f.
7
Let w(k) = k**3 + 10*k**2 + 8*k - 2. List the prime factors of w(-9).
7
Suppose -21 - 6 = w. List the prime factors of (-3 - w) + 3 - -2.
29
Let k(u) = u**3 + 8*u**2 + 9*u - 9. Let s be k(-7). Let h(d) = 3*d - 9. Let t be h(-8). Let v = s - t. List the prime factors of v.
2, 5
Suppose -10 = 6*h - 40. Suppose h*s - 128 = s. What are the prime factors of s?
2
Suppose 50 = 5*j + 20. Suppose -2*i + j = i. Suppose 7 = i*z - 9. List the prime factors of z.
2
Let i(g) = g**3 - 8*g**2 + 3*g - 11. Let p = 4 + 4. What are the prime factors of i(p)?
13
Let s = 25 + -23. Suppose s*u = 3*o + 45, o + 39 = 2*u - 0*u. What are the prime factors of u?
2, 3
Suppose -5*m + 300 = -85. Suppose m = 5*r + 2*n, 5*n - 2 = -4*r + 46. What are the prime factors of r?
17
What are the prime factors of ((-1246)/(-28))/((-1)/(-2))?
89
List the prime factors of 2/(-3)*12*-1.
2
Suppose 4*t = -2*i - 4, 0*i + 16 = 3*i - 5*t. Suppose c - 5*l = 85, 5*l = 5*c + i*l - 315. List the prime factors of c.
2, 3, 5
Let s = 5 + -2. Suppose 2*v = 2*b - 36, -s*b - v = -48 - 14. List the prime factors of b.
2, 5
Let y = -10 - -10. Suppose -2*r = -4*r. Suppose 4*o - 4*l - 28 = r, y = -0*o - 4*o - 5*l + 19. List the prime factors of o.
2, 3
Suppose w - 5 = -0*w. Suppose -w*x + 1 = -34. List the prime factors of x.
7
Suppose -i = -2*j + 53, 5*i = -j - 3*j + 71. Let u = -5 + j. What are the prime factors of u?
19
Let s(r) = r + 0 + 4 + 2*r. What are the prime factors of s(5)?
19
Suppose -2*l + y = -0*l - 460, 0 = -3*l - 3*y + 690. What are the prime factors of l?
2, 5, 23
Suppose -c + 65 = 4*k, -3*k - c + 48 = -0*c. What are the prime factors of k?
17
Suppose 5*m - 4*x = m, -m = 2*x - 9. Suppose -m*p + 28 = d, -4*p + 0 - 7 = -d. List the prime factors of d.
19
Suppose 2*u + 5*s - 52 = 0, -19 - 17 = -2*u + 3*s. Let c(t) = -t**3 + 3*t**2 - 3*t - 3. Let v be c(3). Let m = v + u. List the prime factors of m.
3
List the prime factors of (-4 - 14/(-4)) + (-211)/(-2).
3, 5, 7
Let o be (-2 + -2)*1/(-2). Suppose k + 4*k = 4*v, 0 = -v - o*k + 13. Suppose -4*a = -v*a + 14. List the prime factors of a.
2, 7
Let l = -4 + 6. Let x be ((-5)/10)/((-1)/l). Suppose -k = -5*q + 18, 2*q + 2 + x = -3*k. What are the prime factors of q?
3
Suppose 10 = 5*x, -5*x = -3*v - x - 26. Let l(d) = d**2 + 5*d + 7. Let h be l(v). Suppose -2*r = 3 - h. List the prime factors of r.
5
Suppose -2*o + 16 = -0*o. Suppose -o*g - 52 = -4*g. Let k = g - -23. List the prime factors of k.
2, 5
Let k = 126 + -72. Suppose 0 = -5*d - 5*j + 110, 3*j + j = -2*d + k. List the prime factors of d.
17
Let q = -3 - -7. Suppose -2*b = -0*s + s - 4, 8 = q*b + 5*s. List the prime factors of b.
2
Suppose 0 = -0*a + 3*a. Suppose -2*p - 2*x = -x - 7, -3*p - x + 9 = a. Suppose j - 3*o = 10, -j - 2*j + 16 = -p*o. What are the prime factors of j?
2
Let s = -13 - -9. Let w be ((-6)/1)/(-2) + s. What are the prime factors of -22*(-1)/(w + 3)?
11
Let y = -59 - -85. List the prime factors of y.
2, 13
Suppose a - 51 = -j, -2*a + j = 5*j - 100. Suppose -4*i - i = 4*n - a, 6 = 2*n. List the prime factors of i.
2
Let z(o) = o**3 + 10*o**2 - o + 13. List the prime factors of z(-10).
23
Suppose 0 = 2*y + l - 177, -y = -0*y - 4*l - 66. Let o = y - 47. What are the prime factors of o?
3, 13
Suppose -3*b = -2 + 5, g + b = 231. List the prime factors of g.
2, 29
Let k = 59 - 30. List the prime factors of k.
29
Suppose -5*m - 6 + 96 = 0. List the prime factors of m.
2, 3
Let t be (2 - 1)*-1 - 5. Let s(j) = -j**2. Let m(u) = -8*u**2 - u - 1. Let l(r) = t*s(r) - m(r). What are the prime factors of l(-1)?
2, 7
Let p = -26 + 50. Suppose 0 = -4*b + 128 + p. List the prime factors of b.
2, 19
Suppose -34 = -4*x + 34. Suppose x = 2*y - 3. List the prime factors of y.
2, 5
Let t(p) = 3 + p - 2 + 8*p. Let y be t(1). Let c(b) = -b**2 + 12*b - 12. What are the prime factors of c(y)?
2
Let z be 2/((-6)/(-3))*-1. What are the prime factors of z - 3/(3/(-14))?
13
Suppose 0 = -3*p + 7*z - 5*z + 120, 0 = 2*p + 5*z - 99. What are the prime factors of p?
2, 3, 7
Suppose 5*l = -p + 20, -p + 6*p - 25 = 0. Suppose -l*y - 2*y - 20 = 0. Let u(m) = -m**3 - 4*m**2 - 3*m. List the prime factors of u(y).
2, 3
What are the prime factors of 0/(-30) - (-314)/(1/1)?
2, 157
Suppose k - 3*k + 10 = 0. Suppose -3*l + k = -1. List the prime factors of l.
2
Suppose 77 = 5*y + 32. List the prime factors of -2 + 4 + 0 + y.
11
What are the prime factors of (40/16)/(1/10)?
5
Suppose 0*u - 43 = -u. Let v = u + -26. What are the prime factors of v?
17
Suppose 13 = o - t, -2*o - 2*o + 5*t = -49. Let i = 22 - o. What are the prime factors of 2/(3/(99/i))?
11
Let n be 1/2 + 129/6. Suppose -v + n = v. What